 g(c) is divided by 189/15 - (-2)/5?
11
Let b be 18/27 + (-4484)/(-6). What is the remainder when b/15 - 12/(-90) is divided by 2*2/8*34?
16
Suppose q - 7 = -h, 5*h - 13 = 7. Suppose -4*p - 1 = -4*d - 25, 2 = 5*d + q*p. Calculate the remainder when 8 is divided by 0 + 3/(d/(-2)).
2
Let o(t) = -t**2 + 9*t + 18. Calculate the remainder when 74 is divided by o(8).
22
What is the remainder when (3/(-6))/(5/(-230)) is divided by 6?
5
Let r = 26 - 25. Calculate the remainder when 3 is divided by r.
0
Suppose 0 = 8*d + 1409 - 3937. What is the remainder when d is divided by 11?
8
Let n be ((-2)/3)/(10/(-45)). Suppose -4*r + n*r + 17 = 0. Calculate the remainder when 50 is divided by r.
16
Let m(h) = h**3 - 4*h**2 + 3*h + 1. Suppose -5*w = -0*w - 40. Suppose -3*v = 5*b + 3 - w, -3 = -3*b + 3*v. What is the remainder when b is divided by m(3)?
0
Suppose -5*y + y = -20. Let c(p) = p**2 + 5*p + 2. What is the remainder when c(-6) is divided by y?
3
Let k(y) = -y**3 + 20*y**2 + 22*y + 31. What is the remainder when k(21) is divided by 20?
12
What is the remainder when 38 is divided by 80/6 - 11/33?
12
Let f = -16 - -33. What is the remainder when 218 is divided by f?
14
Suppose 120 = p + 5*p. What is the remainder when 37 is divided by p?
17
Let k(f) = -2*f**2 - f**3 - 4*f**2 - 2 + 2*f**3 - 8*f - 2*f**2. What is the remainder when 11 is divided by k(9)?
4
Suppose -5*v = 2*f - 10, f - 4*v + 8 = -2*f. Let b = 98 + 2. Suppose 4*d = 2*d - 2*n + 50, 4*d - n - b = f. Calculate the remainder when 49 is divided by d.
24
Suppose 0 = 4*z + 2*g - 7*g - 159, -2*g = z - 30. What is the remainder when z is divided by 13?
10
Let v = -16 - -35. What is the remainder when v is divided by 4?
3
Let q(c) = -9*c. Let z = -17 + 2. Let d = z - -31. What is the remainder when d is divided by q(-1)?
7
Let a = -103 + 154. Let x(u) = -u**3 - 6*u**2 + 4*u - 8. Let m be x(-6). Let i = -19 - m. What is the remainder when a is divided by i?
12
Let m = 71 + -27. What is the remainder when m is divided by 9?
8
Suppose -5*d + 0*y = -y - 27, -5*d - 5*y + 45 = 0. Calculate the remainder when (-2 - -2 - 2) + 17 is divided by d.
3
Let j(d) = -d**3 + 6*d**2 + 2*d + 2. Let q be j(6). Calculate the remainder when 3 is divided by (-3)/(-12) + q/8.
1
Suppose 0 = r - 2*a, 5*r - 1 + 13 = -2*a. Calculate the remainder when 2/(r*(-1)/47) is divided by 16.
15
Suppose -18*z + 17*z = -22. Calculate the remainder when z is divided by 8.
6
Let w = 9 + -4. Suppose w*p = d - 72, 5*d + 3*p = 163 + 57. What is the remainder when d is divided by 3*34/6 + -1?
15
Let x = -1 + 1. Suppose 2*o - 5*r - 24 = x, 5*r = -8*o + 4*o + 18. What is the remainder when 13 is divided by o?
6
Suppose 7*g + 58 - 268 = 0. What is the remainder when 87 is divided by g?
27
Let y = 12 + -10. What is the remainder when 6 is divided by y?
0
Let n(g) = -43*g**2 + 6*g - 1. Let v(o) = o**2 + o. Let q(b) = -n(b) + 4*v(b). Let s(h) = 3*h + 4. Calculate the remainder when q(1) is divided by s(4).
14
Let t(o) = 2*o - 3. Let p(d) = -d + 36. Calculate the remainder when t(4) is divided by p(33).
2
Suppose 3*h = m + 28 - 145, m = -4*h + 117. What is the remainder when m is divided by 20?
17
Suppose p = -2*c + 4, 2*c + 3*p = -p - 8. What is the remainder when 5 is divided by c?
1
Let s(u) = -u - 6. Let g be s(-8). Let a be g + -2 + 2 + 46. Suppose 5*f = f + a. Calculate the remainder when 45 is divided by f.
9
Calculate the remainder when (-46)/3*(-285)/38 is divided by 30.
25
Suppose 0 = -3*j + 2*j + 21. Let z = 29 - j. Let g = 26 + z. Calculate the remainder when g is divided by 12.
10
Let s(v) = 8*v**2 + 4*v - 3. What is the remainder when s(3) is divided by 28?
25
Let b(p) = -p**3 + 6*p**2 - 7*p + 4. Let k be b(4). Suppose -k = -s + 17. What is the remainder when s is divided by 7?
4
Let r be (-2)/(2/(8/(-1))). Calculate the remainder when 17 is divided by r/(-12) + (-29)/(-3).
8
Suppose -6*j + 4 = -5*j. Suppose 0 = -j*a + 110 - 42. Calculate the remainder when a is divided by 6.
5
Let v(m) = m**2 - 4*m. Let r be v(5). Suppose 25 = r*u + 5. Calculate the remainder when 11 is divided by (-6)/u - 34/(-4).
4
Suppose -2*t + 14 = -0*t. Let g = 23 - t. Calculate the remainder when g is divided by 6.
4
Let k(q) = q**3 - 9*q**2 + 9*q + 9. Calculate the remainder when k(8) is divided by 5.
2
Let r = 4 + 0. Suppose 55 = 4*k + 5*v, -r*v = k - 1 - 10. Calculate the remainder when 27 is divided by k.
12
Calculate the remainder when 17 is divided by 28/(-210) - (-154)/30.
2
Let s = 381 + -226. Calculate the remainder when s is divided by 26.
25
Suppose -1 = -l + 3*n + 14, n - 21 = -4*l. What is the remainder when 0 + -9 - -3 - -16 is divided by l?
4
Let w = -127 - -128. Calculate the remainder when 8 is divided by w.
0
What is the remainder when 72 + -1 + 2 + 1 is divided by 19?
17
Suppose 8*j = 3*j + 25. Suppose j*c - 3*r - 23 + 3 = 0, 0 = 3*c + 2*r - 12. What is the remainder when 9 is divided by c?
1
What is the remainder when (-13 + 11)/((-1)/31) is divided by 32?
30
Suppose -5*o + 5 = 20. Let v(s) = -s - 2. What is the remainder when 4/6*-14*o is divided by v(-12)?
8
Suppose 3*x - 2*q + 4*q - 16 = 0, -x + 4*q - 4 = 0. Suppose -7 + x = j. Let n = j - -11. What is the remainder when n is divided by 3?
2
Suppose -4*a - 215 = -9*a. Let d = 118 - 107. What is the remainder when a is divided by d?
10
Let w(s) = s**2 - 8*s + 10. What is the remainder when w(7) is divided by 1?
0
Suppose 7*v + 36 = 10*v. Calculate the remainder when 95 is divided by v.
11
Suppose l - 57 = -37. What is the remainder when 26 is divided by l?
6
Suppose -2*h - h + 88 = -4*r, 0 = -2*r + 4*h - 34. Let i = 13 + r. Calculate the remainder when i*(0 - 2 - 1) is divided by 19.
17
Let r = 0 - -8. Suppose 60 = -3*z + r*z. Calculate the remainder when 11 is divided by ((-2)/(-3))/(2/z).
3
Suppose -3*o = -o - 150. Let j = o + -49. Let r = 11 + -2. What is the remainder when j is divided by r?
8
Suppose -5 = -0*m - m. Calculate the remainder when 17 is divided by m.
2
Suppose -72 = -2*k + 5*s, -4*k - 2*s + 6*s + 132 = 0. What is the remainder when 153 is divided by k?
29
Let c(v) = 0*v + 0*v - 3 + 7*v + v**2. What is the remainder when 1 + -1 + 60 - 2 is divided by c(-9)?
13
Let b = 22 + 0. What is the remainder when b is divided by 8?
6
What is the remainder when 27 is divided by (-6)/(-30) - 2/5*-27?
5
Let k be 8/(-6)*(-9)/(-3). Let c = -2 - k. Suppose -2*d + 52 = -c*s, 5*d = -0*s - 4*s + 103. What is the remainder when d is divided by 8?
7
Suppose 25 = -5*j - 30. Let b = j + 35. Calculate the remainder when b is divided by 13.
11
Suppose 2*p = 4*p - 6. Calculate the remainder when 5 is divided by (3 + -2)/(1/p).
2
Suppose 2*k - 24 = c, k + 4*c - 1 = 2. Let g(d) = 20*d**2 + d + 1. Let o be g(-1). Suppose o + 0 = i. What is the remainder when i is divided by k?
9
Suppose -4*z + 159 = -z. Suppose -5*d + 32 + z = 0. Calculate the remainder when 32 is divided by d.
15
Let q be 35/11 + (-6)/33. Let c(b) = 0*b - 1 - 2*b + q*b. Calculate the remainder when 11 is divided by c(5).
3
Suppose -4*w + w + 26 = -4*t, 4*t = w - 22. Suppose 12 = -w*i + 112. Calculate the remainder when i is divided by 13.
11
Suppose -3*h - h = -120. Calculate the remainder when h is divided by 8.
6
Suppose 4*w + 1 + 19 = 2*h, -20 = -4*h - 2*w. Calculate the remainder when 10 is divided by 1/(-1) - (-1 - h).
4
Let g(h) = h**3 + 5*h**2 - 2*h - 6. Let p be g(-5). Suppose p*b - 266 = -3*b. What is the remainder when b is divided by 13?
12
Suppose 4*z + 70 = 2*z. Let w = z + 94. What is the remainder when w is divided by 20?
19
Calculate the remainder when -4 - (0 + -2 - 121) is divided by 11.
9
Let o be (-2)/6*36/(-2). Let c = 6 + o. Calculate the remainder when 22 is divided by c.
10
Suppose v + 4 = -2*u, -8 = -u + 2*v - 5*v. Calculate the remainder when (-18*u/6)/1 is divided by -1*(3 + -4)*7.
5
Suppose 2*f + 3*h = -217, -4*f - h = -3*h + 458. Let d = f + 68. Let k = -6 - d. Calculate the remainder when k is divided by 20.
19
Suppose 4*f + b - 270 = -b, 0 = 3*b - 9. What is the remainder when f is divided by 17?
15
Suppose 0 = -3*y + 61 + 80. Calculate the remainder when y is divided by 16.
15
Suppose 25 = 3*n + 10. Suppose -3*o - 24 = -n*o. What is the remainder when 47 is divided by o?
11
Let v = 1 + 67. Calculate t